ppose -20*r + h = -22*r. What are the prime factors of r/18 - ((-6816)/54 - 0)?
2, 3, 7
Suppose -15 = -5*u - 0*u. Suppose 0 = u*y - 14 + 11. Suppose 2*z - y = 9. List the prime factors of z.
5
Suppose 11*f = 12*f - 201*f + 454600. List the prime factors of f.
2273
Let g = -19 + 35. What are the prime factors of 1/((-8)/g*(-2)/866)?
2, 433
Suppose 5*p - 188136 = -4*o, -3*o - 2*p + 124853 = -16256. List the prime factors of o.
17, 2767
Let h(v) = 6*v**2 + 2*v - 2. Let q(u) = -7*u**2 - 2*u + 3. Let w(z) = 6*h(z) + 5*q(z). Let l be w(-1). What are the prime factors of 5130/75 + l/(-5)?
2, 17
List the prime factors of (127998/91)/(57/1330).
2, 3, 5, 547
Let g(t) be the second derivative of 149*t**3/6 - 13*t**2/2 - 25*t. Let p be g(5). Suppose 11*i + p = 14*i. List the prime factors of i.
2, 61
Suppose 0 = 2*f - 5*g - 9501 - 9708, -4*f + 5*g = -38413. List the prime factors of f.
2, 4801
Suppose 351*l + 576474 = 2457132. What are the prime factors of l?
2, 3, 19, 47
Suppose 0 = -12*i + 3381 + 2835. Let r be (-2 - 3)*12/15. What are the prime factors of 3/(-6) - i/r?
3, 43
Suppose -3*f + 19 = -4*n, 5*n - 3*n + 3*f + 5 = 0. Let v be 7/(238/n) - 22442/(-17). Suppose v = -s + 9*s. List the prime factors of s.
3, 5, 11
Let f be (2/(-4))/(11/(-22)). Suppose k + 5 = -5*l - f, -20 = -3*k + 4*l. List the prime factors of 154/12 - k/(-24) - 0.
13
Let o be 72*6*(-4)/(-48). Suppose -3178 = -o*d + 5786. What are the prime factors of d?
3, 83
Suppose -9*q - 15 = -4*q, 0 = 3*a + 3*q - 105231. What are the prime factors of a?
2, 5, 877
Let a = -488 - -493. Suppose -8 = a*j + 12, i = -2*j + 496. List the prime factors of i.
2, 3, 7
Suppose -45*a - 231279 - 510582 = -3222891. What are the prime factors of a?
2, 3, 1021
Suppose -r - 3*o = -35515, -20*o + 177555 = 5*r - 25*o. List the prime factors of r.
2, 23, 193
Suppose 0 = -4*g + 4603 + 6849. List the prime factors of g.
7, 409
Let x(y) be the second derivative of y**3/3 + 21*y**2/2 + 4*y. Let k be x(-14). Let m(z) = -z**3 - 6*z**2 - 5. List the prime factors of m(k).
2, 11
Suppose -30*a + 73*a - 42066 = 40*a. List the prime factors of a.
2, 3, 19, 41
Let u = 47 - 48. Let v = u + 32. Let x = v - 21. What are the prime factors of x?
2, 5
List the prime factors of (3/2)/(((-2)/(-6))/((-2631178)/(-597))).
3, 11, 601
List the prime factors of 3128026/330 + (-12)/(-90).
9479
Let b(j) = -341*j**3 + 6*j**2 + 25*j + 5. List the prime factors of b(-5).
5, 19, 449
Let g(t) = -6*t + 3. Let q(n) = n**3 + 2*n**2 + 4. Let s be q(3). Let p = 37 - s. What are the prime factors of g(p)?
3, 5
Suppose u = -2*u - 2*b - 9, -b + 18 = -3*u. Let o = -2 - u. Suppose 0 = 4*h - 20, -o*c + c + 23 = -5*h. What are the prime factors of c?
2, 3
List the prime factors of (10 - -140)/15 + (12900 - 1).
3, 13, 331
Let v(g) = g**3 + 14*g**2 + 16*g + 21. Let d be v(-11). Let n = -126 + d. List the prime factors of n.
2, 41
Let f(s) = 9 + 10 - 3*s - 16 + 656*s**2. List the prime factors of f(1).
2, 41
Suppose 0 = -8*l + 7*l + 25. Let g(a) = -4 - l*a + 1 - 143*a - 3. What are the prime factors of g(-1)?
2, 3
Let z be ((-4250)/70 - (-4)/(-14)) + -1. Let l = -57 - z. Suppose l*d + 2*d = 609. What are the prime factors of d?
3, 29
Suppose 46*h + 263235 = 35*h + 1100665. List the prime factors of h.
2, 5, 23, 331
Let q be -2*((-10352)/(-96) - (-2)/(-6)). Let g = 102 - q. List the prime factors of g.
317
Suppose 267984 = 41*r - 852464. List the prime factors of r.
2, 7, 61
Let c(n) = 7*n**3 + 4*n**2 - n + 46661. List the prime factors of c(0).
29, 1609
Let d(j) = -1764*j**3 + j + 2. Let r be d(-1). Let q = r - 1110. What are the prime factors of q?
5, 131
Suppose 116 - 324 = -26*t. Suppose 3983 + 2569 = t*f. List the prime factors of f.
3, 7, 13
Suppose 0 = -3*o - 4*s - 334 - 1762, 2800 = -4*o - 4*s. Let u = -411 - o. Let l = -169 + u. What are the prime factors of l?
2, 31
Let l(m) = 10*m + 46. Let h(w) = 10*w + 45. Let n(g) = 6*h(g) - 5*l(g). List the prime factors of n(4).
2, 5
Let y = -169 - -251. Suppose 5*h + y + 28 = 0. Let i = h - -111. What are the prime factors of i?
89
What are the prime factors of (-18)/60 - (-15784)/80?
197
What are the prime factors of 0 - 0 - 0 - (-2665543)/331?
8053
Suppose 4*t = -5*r + 66228, 0 = 16*r - 12*r + 5*t - 52995. What are the prime factors of r?
2, 5, 331
Let w be (-7239)/12 + 4/((-32)/(-2)). Let r = -178 - w. List the prime factors of r.
5, 17
Suppose 16530*u - 16541*u + 236885 = 0. List the prime factors of u.
5, 59, 73
Suppose 138*k = 153*k - 45. Let h(q) = 153*q**2 - 3*q - 3. Let y be h(-2). List the prime factors of (-3)/(-9)*k - y/(-5).
2, 31
Let h be 6 + -7 + (-3 - -74). List the prime factors of 4/14 - (-31270)/h.
3, 149
Let x(d) = -3*d**3 - 26*d**2 - 48*d + 30. Let a(z) = 16*z**3 + 130*z**2 + 240*z - 150. Let b(l) = 2*a(l) + 11*x(l). List the prime factors of b(-25).
5, 11
Let g = 8306 - 3879. List the prime factors of g.
19, 233
Let j(w) = w - 6. Let o be j(9). List the prime factors of ((-360)/o)/((-4)/(-16) - 1).
2, 5
Let m(i) be the second derivative of -7*i**5/20 - i**4 - 7*i**3/6 + 4*i**2 - 27*i. Let o(d) = -d**3. Let j(g) = -m(g) + 6*o(g). List the prime factors of j(-9).
2, 43
Suppose 241*q + 40 = 246*q. Suppose o = -4*f + 6, -5*o + q*o + 2*f - 8 = 0. List the prime factors of (-11 + 9)*(-91)/o.
7, 13
Suppose -3*z - 1932 = 3*u - 12933, 0 = -2*u - z + 7332. Suppose 2*x = -5*s + u, 2*s + 2*x = -3*x + 1487. List the prime factors of s.
17, 43
Let w(f) = 27*f**2 - 119 + 32*f - f**3 + 7 + 48. What are the prime factors of w(27)?
2, 5
Suppose 5*o = o - 508. Let v = o - -353. List the prime factors of v.
2, 113
Let s = -2835 + 4817. List the prime factors of (4/(-20) + s/(-40))*-4.
199
Let v = -17040 + 35959. List the prime factors of v.
18919
Let v(y) = 2*y**2 + 15*y - 10. Let o be v(-9). Suppose -15*l = -q - o*l + 347, -3*l - 694 = -2*q. What are the prime factors of q?
347
Let v = -5395 + 7911. List the prime factors of v.
2, 17, 37
Suppose -3*k = -4*k - 376 + 2487. List the prime factors of k.
2111
Let j(o) = -387*o + 167. Let y be j(-12). Suppose -y = 229*i - 246*i. What are the prime factors of i?
283
Let x = 18728 - 10385. List the prime factors of x.
3, 103
Let i = 32037 - 12397. What are the prime factors of i?
2, 5, 491
Let a(p) = 4*p**3 + 71*p**2 + 31*p + 29. List the prime factors of a(-14).
3, 5, 13
Suppose -178*c = -104*c - 835460. List the prime factors of c.
2, 5, 1129
Let w be 331415/952 + (1/(-8))/1. Let k = 589 - w. What are the prime factors of k?
241
Let u(k) = 72*k - 54. Let m be (-17)/(-2) + (-9)/6. What are the prime factors of u(m)?
2, 3, 5
Let w = 142 + -227. Let s = 134 + w. What are the prime factors of s?
7
Suppose 48*m + 4*n = 51*m - 21954, -3*n - 7318 = -m. What are the prime factors of m?
2, 3659
Let k be 33270/(-250) + 4/50. Let o = k + 334. List the prime factors of o.
3, 67
Let r = 816 + -430. Let h = 11 + r. What are the prime factors of h?
397
Suppose -2*n + 65 = -o, -3*o + 55 = n - 8*o. Suppose 0 = 5*y + 3*m + 8 + 7, m = 4*y - 5. Suppose y = l - n - 90. What are the prime factors of l?
2, 3, 5
Let y = 108834 + -58244. What are the prime factors of y?
2, 5, 5059
Suppose 24737*s = 24726*s + 39809. List the prime factors of s.
7, 11, 47
Suppose 0 = -159*o + 161*o - 4. What are the prime factors of (-5 - 2199)*o/(-4)?
2, 19, 29
Suppose 5*i = 2*n - 345, 0 = -2*i + 4*n + n - 159. Let s = 37 + i. List the prime factors of (-4)/10 - -2*(-891)/s.
59
Let i(t) = 72*t + 6. Let f be i(1). What are the prime factors of 16796/f - 1/3?
5, 43
Let q = 506 - 500. What are the prime factors of q/((-3 - 1152/(-382))*1)?
2, 191
Suppose 2*q = d + 6*q - 421, -q + 807 = 2*d. Let m = d - 339. List the prime factors of m.
2, 31
Suppose 0 = 3*w - 6. Suppose -w*i - i = -672. Let j = 319 - i. List the prime factors of j.
5, 19
Let b = 833 - 585. Let h be -172 + -1 + (-2 - -2). Let q = h + b. List the prime factors of q.
3, 5
Suppose t + 262*p = 266*p + 6788, -3*t = -5*p - 20392. List the prime factors of t.
2, 3, 7
Let c = 5453 + -5115. What are the prime factors of c?
2, 13
Suppose -232056 = -9*x + 53001. List the prime factors of x.
19, 1667
Suppose 25*f - 38*f = -21*f + 148168. List the prime factors of f.
18521
Let p = -20901 - -44330. List the prime factors of p.
7, 3347
Let y = -7239 + 